 2077 and 804?
67
Calculate the highest common divisor of 230 and 10.
10
What is the greatest common factor of 21 and 4683?
21
Calculate the greatest common divisor of 7803 and 27.
27
What is the highest common divisor of 20160 and 35?
35
What is the greatest common divisor of 1015 and 140?
35
Calculate the highest common divisor of 3783 and 156.
39
Calculate the highest common divisor of 96 and 984.
24
Calculate the highest common divisor of 183 and 3.
3
Calculate the greatest common divisor of 266 and 513.
19
What is the highest common divisor of 238 and 602?
14
Calculate the highest common factor of 4 and 20044.
4
Calculate the greatest common divisor of 14 and 511.
7
What is the highest common divisor of 69 and 345?
69
What is the greatest common factor of 2 and 10?
2
Calculate the greatest common factor of 354 and 4071.
177
Calculate the greatest common factor of 52224 and 136.
136
What is the highest common factor of 100 and 2160?
20
Calculate the highest common factor of 944 and 118.
118
Calculate the greatest common divisor of 25 and 5.
5
What is the highest common divisor of 52 and 20?
4
Calculate the greatest common divisor of 60 and 84.
12
Calculate the highest common divisor of 81 and 36.
9
Calculate the highest common divisor of 44 and 77.
11
What is the greatest common divisor of 95 and 25?
5
Calculate the greatest common divisor of 810 and 756.
54
What is the highest common factor of 657 and 45?
9
What is the greatest common factor of 22 and 6743?
11
What is the highest common factor of 1570 and 20?
10
Calculate the highest common factor of 22 and 396.
22
What is the greatest common factor of 19 and 2869?
19
What is the highest common divisor of 5725 and 1603?
229
What is the highest common factor of 104 and 2672?
8
Calculate the highest common factor of 70 and 1505.
35
What is the highest common divisor of 1656 and 23?
23
What is the greatest common divisor of 668 and 8?
4
Calculate the highest common divisor of 136 and 8.
8
Calculate the highest common divisor of 2 and 13.
1
What is the highest common divisor of 92 and 322?
46
What is the greatest common divisor of 220 and 520?
20
What is the greatest common factor of 108 and 8424?
108
What is the highest common factor of 7 and 1841?
7
What is the highest common factor of 1280 and 10?
10
Calculate the greatest common factor of 48 and 160.
16
What is the highest common divisor of 28 and 21?
7
Calculate the greatest common factor of 1805 and 1140.
95
What is the highest common divisor of 265 and 15?
5
Calculate the greatest common factor of 9123 and 3.
3
Calculate the greatest common factor of 9064 and 515.
103
What is the greatest common divisor of 24195 and 15?
15
Calculate the highest common divisor of 1984 and 31.
31
What is the highest common divisor of 54 and 2?
2
Calculate the highest common factor of 440 and 10.
10
Calculate the highest common divisor of 8 and 17.
1
Calculate the highest common divisor of 10268 and 4.
4
Calculate the highest common divisor of 4439 and 23.
23
Calculate the highest common factor of 150 and 96.
6
What is the greatest common factor of 80 and 110?
10
Calculate the highest common divisor of 207 and 23.
23
Calculate the highest common divisor of 267 and 356.
89
Calculate the highest common factor of 276 and 48.
12
What is the greatest common factor of 352 and 8404?
44
Calculate the highest common divisor of 235 and 1175.
235
Calculate the greatest common factor of 912 and 96.
48
What is the greatest common factor of 1793 and 22?
11
Calculate the highest common divisor of 44 and 22396.
44
Calculate the highest common divisor of 507 and 3211.
169
What is the highest common factor of 30 and 95550?
30
Calculate the highest common factor of 3638 and 272.
34
What is the highest common factor of 32 and 4912?
16
What is the highest common factor of 765 and 10?
5
Calculate the highest common factor of 15 and 12515.
5
Calculate the highest common divisor of 35 and 11690.
35
What is the greatest common divisor of 21 and 497?
7
What is the greatest common factor of 741 and 114?
57
Calculate the greatest common factor of 73543 and 293.
293
What is the highest common divisor of 26 and 468?
26
Calculate the greatest common divisor of 3560 and 40.
40
Calculate the greatest common divisor of 140 and 8540.
140
What is the highest common divisor of 91 and 195?
13
What is the greatest common divisor of 70 and 2170?
70
What is the highest common divisor of 34 and 34?
34
Calculate the greatest common factor of 37 and 407.
37
Calculate the highest common divisor of 126 and 336.
42
Calculate the greatest common factor of 425 and 11645.
85
What is the highest common factor of 144 and 324?
36
Calculate the greatest common divisor of 7 and 77.
7
Calculate the highest common divisor of 84 and 63.
21
Calculate the greatest common factor of 4 and 596.
4
Calculate the highest common factor of 275 and 50.
25
Calculate the greatest common factor of 98736 and 264.
264
What is the greatest common factor of 1547 and 39?
13
Calculate the highest common factor of 3445 and 2080.
65
Calculate the greatest common factor of 8 and 24.
8
What is the greatest common factor of 341 and 62?
31
What is the greatest common divisor of 2975 and 280?
35
Calculate the highest common factor of 6 and 5.
1
What is the highest common divisor of 1395 and 135?
45
What is the greatest common factor of 183 and 61?
61
What is the greatest common factor of 8 and 960?
8
What is the greatest common factor of 650 and 65?
65
Calculate the greatest common factor of 2177 and 1555.
311
What is the highest common factor of 168 and 1554?
42
Calculate the greatest common factor of 147 and 399.
21
What is the greatest common factor of 137 and 47?
1
What is the greatest common divisor of 403 and 341?
31
Calculate the highest common factor of 46 and 2392.
46
Calculate the highest common factor of 204 and 6018.
102
What is the highest common factor of 1634 and 430?
86
Calculate the greatest common factor of 54 and 45.
9
Calculate the greatest common divisor of 224 and 64.
32
Calculate the highest common factor of 3363 and 171.
57
What is the highest common factor of 14 and 9422?
14
What is the highest common divisor of 952 and 1309?
119
What is the greatest common factor of 416 and 32?
32
What is the greatest common factor of 62 and 10354?
62
Calculate the greatest common divisor of 432 and 756.
108
Calculate the greatest common divisor of 216 and 513.
27
Calculate the highest common factor of 464 and 6264.
232
What is the greatest common factor of 112 and 416?
16
Calculate the greatest common divisor of 38 and 2641.
19
What is the highest common factor of 286 and 968?
22
What is the greatest common factor of 496 and 341?
31
Calculate the greatest common factor of 755 and 8909.
151
Calculate the highest common divisor of 41 and 410.
41
Calculate the highest common factor of 55 and 4460.
5
What is the highest common divisor of 166282 and 142?
142
Calculate the greatest common factor of 10 and 3310.
10
Calculate the highest common factor of 132 and 30591.
33
Calculate the highest common factor of 54 and 4.
2
What is the greatest common divisor of 144 and 96?
48
What is the greatest common divisor of 785 and 5?
5
What is the highest common factor of 1 and 16?
1
Calculate the greatest common factor of 20 and 240.
20
What is the highest common factor of 5 and 45?
5
What is the greatest common factor of 250 and 150?
50
Calculate the greatest common divisor of 20 and 580.
20
What is the greatest common divisor of 287 and 369?
41
What is the highest common divisor of 234 and 3380?
26
What is the highest common factor of 98 and 952?
14
What is the greatest common factor of 2336 and 32?
32
What is the highest common factor of 22 and 99?
11
Calculate the highest common divisor of 429 and 33.
33
Calculate the greatest common divisor of 9022 and 52.
26
Calculate the greatest common factor of 4 and 2.
2
What is the highest common divisor of 341 and 913?
11
Calculate the greatest common factor of 837 and 36.
9
What is the greatest common factor of 6 and 48?
6
Calculate the greatest common divisor of 171 and 95.
19
What is the highest common divisor of 6 and 2154?
6
Calculate the greatest common divisor of 174 and 957.
87
Calculate